ate the highest common divisor of 122841 and 54.
9
What is the greatest common factor of 1946 and 705842?
278
Calculate the greatest common divisor of 1040 and 269840.
80
What is the greatest common divisor of 40338 and 159858?
1494
Calculate the highest common factor of 404 and 28886.
202
What is the greatest common divisor of 254 and 1108202?
254
Calculate the greatest common factor of 6095 and 10189.
23
Calculate the highest common divisor of 26376 and 252.
84
What is the highest common divisor of 810 and 4950?
90
Calculate the greatest common divisor of 7472 and 2016.
16
Calculate the highest common divisor of 113406 and 328.
82
Calculate the highest common divisor of 85504 and 14.
2
Calculate the highest common divisor of 1027 and 124109.
79
Calculate the highest common divisor of 88 and 31834.
22
Calculate the greatest common divisor of 379447 and 613.
613
What is the greatest common factor of 228 and 1554124?
76
Calculate the highest common divisor of 395 and 79553.
79
Calculate the highest common factor of 15414 and 30094.
734
Calculate the greatest common factor of 299819 and 2.
1
Calculate the greatest common factor of 39572 and 7384.
52
Calculate the greatest common factor of 250 and 28450.
50
What is the highest common divisor of 826 and 454713?
413
Calculate the greatest common divisor of 282 and 188.
94
What is the highest common factor of 4164647 and 213?
71
Calculate the greatest common divisor of 71552 and 1032.
344
What is the highest common divisor of 682 and 145607?
341
What is the greatest common factor of 2981 and 4411?
11
What is the highest common divisor of 358623 and 9?
9
What is the greatest common divisor of 118997 and 19?
19
Calculate the highest common factor of 7533 and 2046.
93
What is the greatest common factor of 7708 and 164?
164
Calculate the greatest common factor of 5719 and 207991.
301
What is the greatest common factor of 230 and 6831?
23
What is the greatest common factor of 495 and 77355?
45
Calculate the greatest common factor of 41662 and 5698.
74
What is the highest common factor of 669017 and 131?
131
Calculate the highest common factor of 232 and 212396.
116
Calculate the greatest common divisor of 54035 and 1498.
107
What is the highest common divisor of 64964 and 8?
4
What is the greatest common divisor of 7650 and 126?
18
What is the greatest common divisor of 1246 and 5614?
14
Calculate the greatest common factor of 4837 and 7.
7
What is the greatest common divisor of 95377 and 508?
127
What is the greatest common divisor of 388 and 40?
4
What is the greatest common divisor of 14616 and 1856?
232
What is the greatest common factor of 28 and 17472?
28
Calculate the highest common factor of 27002 and 46.
46
Calculate the greatest common factor of 15 and 316220.
5
What is the highest common factor of 384 and 8196?
12
Calculate the greatest common factor of 76086 and 9.
9
What is the highest common factor of 70312 and 376?
376
What is the greatest common factor of 714 and 1820224?
238
What is the highest common factor of 669 and 418125?
669
Calculate the greatest common factor of 281 and 5.
1
What is the greatest common divisor of 809515 and 303?
101
What is the highest common divisor of 193982 and 230?
46
What is the greatest common divisor of 30 and 131530?
10
What is the highest common divisor of 7808 and 816?
16
Calculate the highest common factor of 69 and 4416.
69
What is the greatest common divisor of 1362 and 343678?
454
Calculate the greatest common factor of 1063290 and 10.
10
Calculate the greatest common divisor of 16 and 157512.
8
What is the greatest common divisor of 2482005 and 491?
491
Calculate the highest common factor of 57370 and 320.
10
What is the highest common divisor of 3735 and 18?
9
What is the greatest common factor of 1490 and 590?
10
Calculate the highest common factor of 4566 and 144.
6
What is the greatest common divisor of 12 and 56526?
6
What is the greatest common divisor of 131 and 1422005?
131
Calculate the greatest common factor of 254368 and 64.
32
Calculate the greatest common factor of 1300 and 55705.
65
Calculate the greatest common factor of 222 and 315366.
6
What is the greatest common factor of 175987 and 341?
31
Calculate the greatest common factor of 2175 and 115710.
435
What is the greatest common factor of 127440 and 225?
45
Calculate the highest common divisor of 77274 and 54.
54
What is the highest common factor of 70 and 68306?
14
What is the highest common factor of 3458 and 7098?
182
What is the highest common factor of 334 and 156479?
167
Calculate the greatest common divisor of 149 and 1592363.
149
What is the highest common divisor of 19524 and 8?
4
Calculate the highest common factor of 22 and 197434.
2
Calculate the greatest common divisor of 84 and 1036812.
84
Calculate the greatest common divisor of 73934 and 112.
14
Calculate the highest common divisor of 467460 and 20670.
1590
Calculate the greatest common factor of 252 and 207936.
36
Calculate the greatest common divisor of 363135 and 405.
15
What is the greatest common divisor of 23374 and 248?
62
Calculate the greatest common divisor of 2080 and 38272.
416
What is the highest common factor of 183 and 192516?
183
Calculate the highest common divisor of 1804664 and 16.
8
Calculate the highest common divisor of 50 and 11350.
50
Calculate the greatest common divisor of 1124658 and 531.
531
Calculate the highest common divisor of 101638 and 147318.
1142
Calculate the greatest common factor of 352 and 488.
8
What is the highest common factor of 67133 and 748?
187
What is the greatest common divisor of 346600 and 400?
200
What is the greatest common factor of 47976 and 15?
3
Calculate the greatest common factor of 372 and 331824.
372
What is the highest common divisor of 464 and 106024?
232
What is the greatest common factor of 191023 and 203?
203
Calculate the highest common factor of 132 and 34089.
33
Calculate the greatest common divisor of 1096 and 2084044.
548
What is the greatest common factor of 1292 and 171?
19
What is the greatest common divisor of 291392 and 628?
628
What is the highest common divisor of 462 and 465927?
231
What is the greatest common factor of 205 and 66461?
41
Calculate the highest common divisor of 139760 and 3280.
80
Calculate the greatest common divisor of 33384 and 214.
214
What is the greatest common factor of 2564509 and 328?
41
What is the highest common factor of 15 and 171820?
5
What is the greatest common divisor of 298001 and 11?
11
What is the highest common factor of 67694 and 2618?
374
What is the greatest common factor of 603 and 2718?
9
Calculate the highest common divisor of 996 and 6225.
249
Calculate the highest common divisor of 12680 and 1520.
40
What is the greatest common factor of 22241 and 604375?
967
What is the greatest common factor of 68622 and 12?
6
What is the greatest common factor of 3482360 and 40?
40
Calculate the greatest common factor of 5181 and 264.
33
What is the greatest common factor of 1105 and 34085?
85
Calculate the greatest common factor of 45934 and 193.
193
What is the greatest common factor of 185940 and 108?
36
Calculate the greatest common divisor of 658 and 5222.
14
Calculate the highest common factor of 16524 and 12636.
972
What is the highest common divisor of 55 and 3518845?
55
Calculate the greatest common factor of 341829 and 342.
171
Calculate the greatest common factor of 39090 and 1410.
30
What is the greatest common divisor of 216 and 198972?
36
What is the greatest common factor of 28658 and 534?
178
Calculate the greatest common factor of 157 and 1.
1
Calculate the highest common factor of 1827 and 123627.
609
Calculate the greatest common divisor of 2070 and 4255.
115
What is the highest common factor of 451 and 34030?
41
What is the greatest common divisor of 1024381 and 16397?
863
What is the highest common factor of 5040 and 3168?
144
What is the highest common factor of 104076 and 1890?
126
Calculate the highest common divisor of 3783 and 2037.
291
What is the highest common factor of 6 and 10869?
3
What is the highest common divisor of 1340 and 132057?
67
Calculate the highest common factor of 14 and 4488064.
14
What is the greatest common divisor of 13020 and 9240?
420
What is the great